). Let m(v) = -6*v - 1. Give m(h).
-7
Let h be 3 + (1 - 4/1). Let j(z) = z + 1. Give j(h).
1
Let v be (-1 + 2)*-1 - -13. Suppose 8*x = 5*x - v. Let y(u) be the first derivative of -u**4/4 - 5*u**3/3 - 5*u**2/2 - 2*u - 9. Calculate y(x).
2
Let m(v) be the third derivative of v**6/120 + v**5/60 - v**3/6 - 2*v**2. Calculate m(1).
1
Suppose 4*p = 2*w - 24, 3*p + 17 = 2*w - 0*w. Let v(q) = -q**3 - 6*q**2 + 6*q - 8. Give v(p).
-1
Suppose 0 = -4*y + 2*y + 6. Let d be (1*y)/(2 - -1). Let z(p) = 3*p - 2 + 3 - 7*p**2 - 4*p. Give z(d).
-7
Let b(y) = y**2 - 2*y + 0*y - 7*y + 3*y. Give b(6).
0
Let m(b) be the first derivative of b**2/2 - 4*b + 2. What is m(5)?
1
Let z(n) = n - 4. Let s(w) = 3*w - 9. Let b(j) = 3*s(j) - 7*z(j). What is b(1)?
3
Let u = -7 - -12. Let k(z) = 8*z**2 + 2 - z**2 + u*z**2 + z**3 + 4*z - 8*z**2. What is k(-3)?
-1
Let t(y) be the third derivative of y**5/30 - y**3/6 - y**2 - 14*y. Let k(j) = -j**3 - 6*j**2 - 1. Let b be k(-6). What is t(b)?
1
Let y(c) be the first derivative of -c**4/4 + 2*c**3 + c**2/2 + 4*c + 6. Give y(6).
10
Let q(b) = 2*b**3 - 2*b**2 + b. Let k = -1 + 4. Let i be -1*(k - 4/1). Determine q(i).
1
Suppose -1 + 7 = 3*c. Let p(q) = -q - q**2 + 2 - 3 + 3. Give p(c).
-4
Let y(k) be the third derivative of k**8/6720 + k**7/630 + k**5/120 + k**4/6 + 3*k**2. Let s(r) be the second derivative of y(r). Determine s(-4).
1
Let i(s) = -12*s - 5. Let g(v) = -v - 1. Let k(l) = 2*g(l) - i(l). Let o(p) = -41*p - 13. Let u(r) = -9*k(r) - 2*o(r). Determine u(-1).
7
Let y(w) = -7*w - 1. Let v = 16 - 17. Determine y(v).
6
Let y(u) = -3*u**2 + u. Let l = 9 - 3. Let d be 13/5 + 4/10. Let c be (d/(-9))/(2/l). Give y(c).
-4
Let j(m) be the third derivative of 1/3*m**3 + 4*m**2 + 0 + 1/12*m**4 + 0*m - 1/60*m**5. Calculate j(3).
-1
Let l = 94 - 21. Let b = 105 - l. Suppose b = 4*m + 12. Let i(d) = d**3 - 6*d**2 + 5*d. Give i(m).
0
Let m(v) = -4*v**2 + 7*v - 7. Let j(g) = -7*g**2 + 14*g - 14. Let b(y) = -3*j(y) + 5*m(y). What is b(6)?
1
Let z = 31 + -26. Suppose -2 = z*j - 7. Let s(n) = -4*n + 1. Determine s(j).
-3
Let b = -4 - -6. Let w = 3 - b. Suppose -4*l + 11 + w = 0. Let s(d) = d**2 - 4*d + 3. What is s(l)?
0
Suppose 2*a - 1 = -3. Let x = -2 - a. Let z be -1*(x - (2 + -3)). Let k(v) = v**2 - 2. Calculate k(z).
-2
Suppose -16 = -6*g - 4. Let w(j) = -2*j**2 + 3*j - 3. What is w(g)?
-5
Let y(g) = -9*g - 2. Let d be y(0). Let n(k) = -6*k - 3. Determine n(d).
9
Let x(c) = -c**3 + 6*c**2 - 4*c + 1. Let t be x(5). Let h(w) = -6*w**2 + 7*w**2 - 5*w - 5 + 1. Give h(t).
2
Let o(a) = 2*a**2 + 0 - 3*a - 4*a**2 - 2 + 3*a**2. What is o(-2)?
8
Suppose 5*a = -5*t + 135, 0 = t + 2*t + 5*a - 91. Suppose 4*x + t = 5*v, v - 5 = x - 0. Let c(l) = -3*l**2 - 4*l**2 + 4*l + 8*l**2 + 11 - 9. Determine c(x).
-1
Let x be (-57)/95 - 1*4/10. Let p(j) = -21*j - 1. Calculate p(x).
20
Let k(q) = q + 5. Suppose 3*l = -5*y - 1 + 21, -4 = -2*l - y. Suppose -p + 2*m - 13 = l, -p + 3*p - 2*m + 18 = 0. Calculate k(p).
0
Let y(a) = a - 2*a + 3*a - 38 + 41. Give y(4).
11
Let w(n) be the first derivative of -1/2*n**2 - 2*n + 1/3*n**4 + 3 - 1/20*n**5 + 0*n**3. Let k(j) be the first derivative of w(j). Calculate k(4).
-1
Let p(v) = -v**2 - 7*v - 1. Let c(z) = -2*z**2 - 15*z - 2. Let k(d) = 6*c(d) - 13*p(d). Calculate k(-1).
1
Let p be (6/(-3))/(-2)*1. Suppose -p + 3 = -2*j. Let c(f) = 6*f. Give c(j).
-6
Suppose -5*q + 5*z + 30 = 0, -2*z = 4*q + 2*z. Let i(o) = -5*o - 7 - q + 7. Calculate i(-2).
7
Let z(o) = -2*o + 9 + 2*o - o. Suppose 0 = 3*s + 2*s. Suppose 3*u = 9, -u = -s*j - j - 3. Calculate z(j).
9
Let l = -1 - -4. Let o(w) = -26*w + 1 - 26*w + 54*w. Give o(l).
7
Let t(x) be the second derivative of x**3/6 - 7*x**2/2 - 13*x. Give t(-7).
-14
Let i(f) = -3*f**2 - 2*f + 2. Let d be 23/7 - (-4)/(-14). Let a be 2/3*d + -4. What is i(a)?
-6
Let o(m) = m**3 - 5*m**2 - 6*m + 3. Let j(z) = z**3 - 8*z**2 + 8*z - 1. Let i be j(7). Give o(i).
3
Let s be -3 + 4 + 2/(-2). Suppose s = i - 3*i + 6. Let a(v) be the second derivative of -v**4/12 + 5*v**3/6 - 3*v**2/2 + v. Determine a(i).
3
Let b(s) = s**3 + 11*s**2 + 10*s + 1. Suppose -3*d + 70 = -10*d. Calculate b(d).
1
Let p(l) be the first derivative of -17*l**4/4 + l**3/3 + 8. Calculate p(-1).
18
Let c(t) = -3*t**2 + t - 4*t**2 + 5*t**2 + t. What is c(2)?
-4
Suppose 0 - 12 = -3*o, -40 = 4*i - 5*o. Let k(n) be the second derivative of n**5/20 + n**4/3 - 5*n**3/6 - n**2 - 32*n. Calculate k(i).
-2
Suppose 12*f - 14*f = -12. Let x(l) = l**3 - 5*l**2 - 5*l - 6. Calculate x(f).
0
Let n(q) = -2*q**2 + 0*q + 2*q + 3*q**2 + 4. Determine n(-4).
12
Let c(s) = s - 8. Let u(f) = f**2 - 6*f - 2. Let m be u(7). Let z be c(m). Let a(v) = -2*v + 0*v + 3*v - 4. What is a(z)?
-7
Let r = -4 + 6. Let a(c) = -4 + 3 + 0 + 12*c**r + c - 5*c**2. Give a(1).
7
Let q(n) = -n + 5. Suppose -2*y - 29 + 9 = 0. Let m(o) = -1. Let d(v) = y*m(v) - 2*q(v). Suppose 4*x + 15 = x. Give d(x).
-10
Let j(g) = -g**2 - 8*g - 3. Let y be (-3 + -1)*3/2. Give j(y).
9
Let n = -8 + 4. Let h(u) be the first derivative of 4*u - 2*u**2 - 1/3*u**3 + 1. Determine h(n).
4
Suppose 0*n + 23 = 4*u + 5*n, -3*u = -5*n + 9. Let f(g) = g**2 - 3*g**2 + u*g - g**3 + 3*g**2 - 3. Calculate f(2).
-3
Let l(c) = 1 - 12*c**2 + 18*c**2 - 2 - c**3 + c. What is l(6)?
5
Let v(l) = 8*l + 2. Let s(a) = -a. Let c(b) = -6*s(b) - v(b). Let n be c(-4). Let w(t) = 2*t - 7. Give w(n).
5
Let u(n) be the first derivative of n**2/2 + 3*n - 12. What is u(6)?
9
Let x(z) = -3*z + z - 3 + z + 2*z. What is x(-4)?
-7
Let b(g) = -g**2 + 9 + 3 - 11 + 4 + 7*g. Determine b(7).
5
Let a = -8 - -15. Let r(p) = p**3 - 6*p**2 - 6*p - 5. Let z be r(a). Let l(k) = -2*k + 3. Determine l(z).
-1
Let f(n) = -n. Let l(w) = -2*w**2 - 2*w + 3. Let m be l(2). Let z(x) = -x**3 - 8*x**2 + 11*x + 13. Let c be z(m). Give f(c).
5
Let b(o) be the third derivative of -o**7/2520 - o**6/120 - o**5/60 + o**4/24 - 4*o**2. Let n(p) be the second derivative of b(p). Determine n(-5).
3
Let w(g) = -g**3 + g**2 + g. Suppose 4*n - 5 = -n. Let c(h) = -3*h**3 + 3*h**2 + 1. Let u(z) = n*c(z) - 4*w(z). Give u(3).
7
Let a(c) = c**3 + c + 8. Let t = -30 - -30. Determine a(t).
8
Let j(t) be the third derivative of t**6/120 + 3*t**5/20 + t**4/3 + 2*t**3/3 - 7*t**2. Let o be j(-8). Let r(p) = -2*p + 3. Calculate r(o).
-5
Let t(y) be the second derivative of -y**6/360 + y**5/15 + 5*y**3/6 + 4*y. Let z(u) be the second derivative of t(u). Determine z(7).
7
Let x(r) = r**2 + r - 2. Suppose m = -1 + 5. Suppose 0 = 2*p - m*p + 4. Calculate x(p).
4
Suppose 0*b - 1 = -h + b, 0 = 3*h + 4*b - 17. Let u(i) = 0 + i**h - 5*i + 2*i + 4 - 3*i**2. Let p = 8 - 5. Calculate u(p).
-5
Let c(v) = 2*v**2 - 3*v + 2. Let m(w) = w**2 - 8*w - 6. Let r be m(9). Suppose r*d = d + 6. Give c(d).
11
Suppose -9*a + 24 = -21. Let f(i) = 3*i - i**2 + 4*i**2 - 2*i**2 - 9. Let l(k) = -k + 1. Let g(h) = a*l(h) + f(h). Determine g(4).
4
Let c(z) be the first derivative of z**6/120 + z**5/15 + z**4/12 + 2*z**3/3 + z**2 + 4. Let j(u) be the second derivative of c(u). Calculate j(-4).
-4
Let j(h) be the first derivative of h**3/3 - h**2/2 - 3*h + 1. Suppose -15 = -4*p - p. Determine j(p).
3
Let u(v) = -1 + 3*v**2 + 8 + 6*v - 2*v**2. Suppose -4*r = r + 15. Let f(i) = -i**3 - 4*i**2 - 2*i - 2. Let b be f(r). Calculate u(b).
2
Let m be 2*-3*22/(-12). Let d = -6 + m. Let r(v) = v**2 - 6*v - 5. Let u(l) = 1. Let s(o) = d*u(o) + r(o). Determine s(5).
-5
Let j(n) = n**2 - 4*n + 1. Let f be j(3). Let u(m) be the first derivative of 2 + 2/3*m**3 + 3/2*m**2 + 0*m. Determine u(f).
2
Let b = 1 - -4. Suppose -2*r = 4*h + 14, 2*r - 3*r + b*h = -7. Let p(w) = -w + 4. Determine p(r).
7
Let x(w) = 2*w - 1. Let m be x(3). Let c(i) = i**3 - 7*i. Let j(n) = -n**3 + 8*n. Let v(q) = m*j(q) + 6*c(q). Calculate v(2).
4
Let q be 1/2*2 + 0. Let v(k) = 5*k + 1. Let t(n) = -n**3 + n**2 - n - 3. Let u be t(0). Let r(p) = p. Let l(h) = u*r(h) + v(h). Calculate l(q).
3
Let t(r) = -3*r**2 + 6*r + 8. Let c(a) = 2*a**2 - 6*a - 7. Let m(p) = -4*c(p) - 3*t(p). Let h be m(-6). Let k(f) = -f - h + f - 2*f + 2. What is k(-2)?
2
Let h(t) = -2*t - 5*t**2 - t**2 + 10*t**2 - 5 - 3*t**2. Let n be h(0). Let j(x) = x + 2*x - x**2 - 1 + 2*x**2. Calculate j(n).
9
Let z(a) be the first derivative of a + 1 + 5/2*a**2 - 1/3*a**3. Calculate z(5).
1
Let h(f